?
False
Let f = 3773 - 2656. Is f prime?
True
Let v(r) be the second derivative of 11*r**4/4 + r**3/6 - r. Let j be v(1). Is (6/(-2))/1 + j a composite number?
False
Suppose -5*k - 3*o - 367 + 2305 = 0, -5*k = -2*o - 1933. Let f = -226 + k. Is f a composite number?
True
Let a(m) = m**3 - 7*m**2 - 15*m - 23. Is a(10) composite?
False
Let y = 3 - 0. Suppose -y*z = 2*j - 537, -j - 72 = 2*z - 430. Is z a composite number?
False
Let v(b) be the second derivative of -b**4/12 + 7*b**3/6 + b**2 + b. Let r be v(7). Suppose 8 = -r*y + 70. Is y a composite number?
False
Suppose 2*m + 390 = 1464. Is m a prime number?
False
Suppose 0 = -w - 5*n + 243, -4*n + 768 = 3*w - 2*n. Let u = 413 - w. Is u a composite number?
True
Let k = 1581 - 391. Suppose -244 = 2*u - k. Let a = u + -270. Is a composite?
True
Suppose -z = 3*h + 6, -4*z - 3 - 77 = -2*h. Is z/(-12)*20/2 a composite number?
True
Is (6 - -7)/(2/4) a prime number?
False
Is (9/(-3))/(3/(-223)) a prime number?
True
Let p(f) = -2*f**2 + f. Let d be p(2). Let w(i) = -i**3 - 5*i**2 + 5*i + 8. Is w(d) composite?
True
Let y(l) = 188*l**3 - l**2 - 2*l + 2. Is y(1) a composite number?
True
Let a(m) = m**3 + 4*m**2 - m - 4. Let r be a(-4). Suppose r = s - 6*s + 565. Is s prime?
True
Is ((-18)/(-27))/((-2)/(-1143)) a composite number?
True
Suppose 4*b - 3*b + 4*s - 26 = 0, 0 = 5*b + 3*s - 45. Suppose 0 = -b*o + 2*o - 12. Is (-2)/6*o*79 composite?
False
Is (-2 - -3)*2 - -185 a composite number?
True
Suppose 5 = -4*a + 3*a - 5*z, -a = 2*z - 1. Suppose 5*h + 3*c = 61 + 79, -3*h = -a*c - 118. Is h a composite number?
False
Suppose -5*r = -12*r + 1239. Is r prime?
False
Let d(r) = -r**3 + 4*r**2 - 3*r + 7. Is d(3) composite?
False
Suppose -9*m = -5*m - 296. Is m a composite number?
True
Let y(h) = -h + 2. Let m be y(2). Suppose m = -i - 0*i. Suppose -2*n + 38 = -i*n. Is n a prime number?
True
Let f be (1 - 1)/(-6 - -4). Suppose 7*y - 2*y - 990 = f. Suppose -3*w + 411 = -y. Is w a prime number?
False
Suppose -3*o + 5702 = 2087. Is o prime?
False
Let p = -4732 - -8363. Is p composite?
False
Let u = -1054 - -2313. Is u a composite number?
False
Let q = 32 - 7. Suppose -l - 195 = -6*l - 2*i, -q = -5*i. Is l composite?
False
Suppose 3*g - 7 = -6*r + 4*r, -r + 7 = 5*g. Suppose 12 = 5*h - 3*h + 2*a, r = -h + a. Suppose -3*i + 4*b + 244 = i, -h*i + b + 119 = 0. Is i composite?
True
Suppose 865 = 2*x + 127. Is (x - 0) + (-4)/(-2) a prime number?
False
Let j(y) = -y - 3. Let n be j(-9). Is 99/(-2)*n/(-9) prime?
False
Is (-116)/16*-2*4 a prime number?
False
Suppose -n - 1 = -0. Is (-5 - -28)*(8 + n) a composite number?
True
Suppose 0 = 2*f - 3*y - 0*y - 1486, -f + 733 = -4*y. Is f composite?
True
Let z = -6 - -1. Let s = 8 + z. Is ((-130)/6)/(s/(-9)) prime?
False
Let j = -500 + 829. Is j prime?
False
Let l = 660 - 357. Is l prime?
False
Let g = -2 - -4. Let s = 0 + g. Is s/(-7) - (-186)/14 prime?
True
Suppose w = 2*x - 0*x - 745, 1858 = 5*x - w. Is x a composite number?
True
Let x(v) = v**3 + 4*v**2 - v + 1. Let y be x(-4). Let u(j) = -j**3 + j + 3. Let a be u(y). Let q = a + 166. Is q a composite number?
True
Suppose -3*r - 8 = -23. Suppose -r*c + 122 - 44 = -3*q, -q = -c + 26. Let y = q + 61. Is y a prime number?
False
Is -1 - ((3 - 8) + 3 - 448) prime?
True
Let i(v) = 4*v**2 + 4*v + 5. Let j = -2 + 12. Let u be (8/j - 0)*-5. Is i(u) prime?
True
Let d(c) = -c**3 - 12*c**2 - 16*c - 2. Suppose x + 11 = -0*x. Is d(x) a composite number?
False
Suppose 2*z - 4*r = r + 596, -1475 = -5*z + 5*r. Is z a composite number?
False
Let u(j) = 6*j**2 - 57*j + 32. Is u(23) a composite number?
True
Let y(n) = 2*n**2 + n - 4. Let f be y(-2). Is 220 - (f - -4)/2 prime?
False
Suppose -2*l - l = -12, 9 = 5*a + l. Is (74/10)/(a/5) composite?
False
Is (-6540)/(-16) + 3/12 a prime number?
True
Let v(p) = -p + 15. Let d be v(9). Let c(r) = 186*r**3 - r. Let y be c(1). Suppose d*h - y = h. Is h prime?
True
Suppose -5*b + 9 = -6. Let g(a) = 13*a**3 - 2*a**2 - 2*a + 4. Is g(b) composite?
False
Is (-289 + -4)*(-2 - -1) a composite number?
False
Is 3/((-27)/(-780)) - 2/3 composite?
True
Suppose b = 6*b - 225. Suppose 2*m = -m + b. Is m a composite number?
True
Let g = 194 - 120. Is g prime?
False
Suppose -4*b = 12, 4*j = 5*j - 4*b - 647. Is j a prime number?
False
Let t be (256/(-6))/(1/(-3)). Suppose -3*m + 139 + t = 0. Is m prime?
True
Suppose n - 2*n + 898 = 2*b, b - 449 = -5*n. Is b composite?
False
Suppose -90 = 3*d + 72. Let w = d - -113. Is w prime?
True
Let g be ((-626)/6)/((-4)/12). Suppose 4*a - 2196 = 5*n + g, -4*n = -a + 619. Is a prime?
True
Let j be (-2 - 31)/(2/(-6)). Suppose 3*u + j - 572 = 4*l, -509 = -3*u - 5*l. Is u a prime number?
True
Suppose -2*j + 3*x - 11 = 0, 0 = -j + 4*j - 5*x + 19. Let i be (-1)/j + 1/2. Suppose -4*z + 172 = -i*z. Is z composite?
False
Let n be (4 - -4)*1/2. Suppose 3*p - 2*b - 18 = 0, -2*p - 20 = -4*p + n*b. Suppose 120 = 5*h + 2*y, -p*y - 57 = -2*h - 3*y. Is h prime?
False
Let w = 547 + -282. Is w a prime number?
False
Suppose 0*z = 5*z - 30. Suppose -z*b = -2*b - 236. Is b prime?
True
Let p(a) = -9*a - 6. Let t be p(-9). Is 3 + -2 + t - -3 composite?
False
Suppose -3*k - 2705 = -8*k. Is k a prime number?
True
Let k = -752 - -1060. Let a = k - 149. Is a composite?
True
Let m = 3 - 0. Suppose m*f + 9 = -0*f. Let b(o) = -3*o + 2. Is b(f) prime?
True
Let a(r) = -r**3 + 7*r**2 - 4*r + 7. Is a(6) a composite number?
False
Suppose -5*c = c - 66. Is c a prime number?
True
Suppose -3 + 12 = 3*j. Suppose -j*w = -5*k - 37, -3*w - k + 2*k = -17. Suppose n + 159 = w*n. Is n prime?
True
Let x = -4 + 6. Let g(p) = 3*p**2 + p - 1. Let d be g(x). Suppose -3*h = k + 2, -d - 27 = -5*k - 5*h. Is k a prime number?
True
Suppose -d - 7 - 13 = 0. Is (-484)/(-10) + (-12)/d composite?
True
Let p be ((-2)/3)/((-6)/54). Let l be (-3)/p*-6 + -55. Let a = l - -109. Is a prime?
False
Let r be (-1672)/20 + 4/(-10). Let n = 43 - r. Is n a composite number?
False
Let l(m) = m**3 - 5*m**2 - 10*m - 3. Let x be l(7). Suppose 3*t - 107 = -s, 3*t - x = -2*s + 177. Is s prime?
False
Suppose -5 = -v - 3. Let d(r) = -r**2 + 2*r - 3. Let y be d(v). Is (y/(-3))/(-1) + 60 composite?
False
Let f be 9/(-12) - (-6)/8. Suppose 5*u + b - 808 = 2*b, -5*u - 3*b + 796 = f. Is u a prime number?
False
Let y(n) = 11*n**2 + 2*n + 8. Let q be y(-8). Let h = 1243 - q. Is h a composite number?
False
Let n = 16 + -11. Suppose -2*d + 61 = -n. Is d a prime number?
False
Let p(x) = 12*x**2 - 21*x + 1. Is p(-8) composite?
False
Let l(t) = t**2 + t. Let s(u) = -3*u**2 - 8*u - 14. Let z(g) = -2*l(g) - s(g). Is z(-11) a prime number?
False
Suppose 0 = 4*r - n - 81, -5*r + 90 = 4*n - 3*n. Suppose 3*f = -3*v - 1 - 5, 2*v = -5*f - r. Suppose -4*k - 125 = -s, v*s - 4*k - 45 - 306 = 0. Is s composite?
False
Let m(w) = 505*w**3 + 3*w**2 - 3*w + 3. Is m(2) a prime number?
True
Suppose -4*j + 152 = 3*m, 0 = 4*m - j - 69 - 102. Let a = -25 + m. Is a a prime number?
True
Suppose -h = -5*h + 2*g + 124, 4*g + 16 = 0. Let t = h - 52. Let y = t + 150. Is y composite?
False
Is 4/(-14)*(-258 - 1) a prime number?
False
Let u(q) = 40*q + 59. Is u(11) a prime number?
True
Let f(d) = 2*d**2 + 8 + 10 + 0 + 16*d - 5. Is f(-10) a composite number?
False
Let n(w) = 2*w**2 - 6*w - 1. Suppose 5*f = -z + 5*z - 37, 3*f - 37 = -5*z. Is n(z) prime?
True
Is 2/4 + 10422/12 a prime number?
False
Let b = 1 + 2. Let r be b/(-12) + (-3122)/(-8). Suppose 5*v - s = r, v - 29 = -4*s + 70. Is v prime?
True
Let f(l) be the third derivative of l**4/24 + 3*l**3/2 - 3*l**2. Let z be f(-6). Is (-1)/(z/139)*-3 a prime number?
True
Suppose -z + 3 = 2. Suppose -19 - 106 = -5*j. Let q = j + z. Is q a prime number?
False
Suppose 0 = -3*k + 3, 2*t - k = k. Let v(y) be the second derivative of 19*y**4/12 - 3*y. Is v(t) a composite number?
False
Let j(f) = 0*f + 14*f**2 - f - 11*f**2 - 4. Let u be 4*(18/(-8))/3. Is j(u) prime?
False
Let p = 10 - 5. Suppose -z + o = 2*z + 105, 192 = -p*z - 4*o. Let h = z + 58. Is h a prime number?
False
Suppose -5 = -4*n + 3*n. Suppose -37 = -n*m + 58. Suppose x - m = 36. Is x a composite number?
True
Let l be (-1 - 0) + -4 + 4. Let p = l + 0. Is p/(-6)*-2*-159 a prime number?
True
Suppose -2*j = 2*z - 4*j - 32, -5*j = z - 46. Is z a prime number?
False
Let i = 699 - 352. Is i a prime numbe